the remainder when 72 is divided by l.
12
Let y be (-1 + 0 + 0)*98. Let g = 144 + y. Calculate the remainder when g is divided by 12.
10
Let j = 13 - 33. What is the remainder when 27 is divided by (105/j)/(3/(-8))?
13
Let u(x) = -39*x - 8 + 19 + 44*x. What is the remainder when u(7) is divided by 16?
14
Suppose 5*r + 4*j + 5 = 18, -3*r - 4*j = -11. Suppose f - r = 5. Suppose 6*u - 2*u = 64. What is the remainder when u is divided by f?
4
Suppose 5*b = -6*z + 2*z - 40, 4*z + 40 = -2*b. Let a(v) = -v**3 - 11*v**2 - 11*v + 2. What is the remainder when 22 is divided by a(z)?
10
Suppose z = 4*t - 5*t + 81, -4*z - 8 = 0. What is the remainder when t is divided by 18?
11
Suppose 2*u = q - 2*q + 118, 0 = -u + 5*q + 70. What is the remainder when u is divided by 8?
4
Suppose -d - 21 = 4*w - 9*w, -3*d = -3*w + 15. Calculate the remainder when 5 is divided by w.
1
Suppose o = -4*s + 52, -3*s - 3*o - o + 52 = 0. Calculate the remainder when (-9)/s + 374/8 is divided by 12.
10
Let t(o) = 4*o + 3. Let r be t(11). Suppose -r = -a + 25. Calculate the remainder when a is divided by 25.
22
Let v = -39 + 57. Suppose -s + 28 = 3*x, 48 = s - 0*s - 2*x. Suppose 0*c = 4*c - s. Calculate the remainder when v is divided by c.
8
Suppose n - 82 = -n + 3*s, 2*n - 4*s = 86. Let p(j) = 2*j**3 + 2*j**2 - 2*j - 1. Let d be p(2). Let x = d - 1. What is the remainder when n is divided by x?
17
Let s(o) = -o**2 - 10*o + 4. Let d(r) = r**2 + 6*r - 5. Let b be d(-5). Let m be s(b). Suppose 5*a - m*a = 12. What is the remainder when 22 is divided by a?
10
Let w(t) = -12*t + 4. Let u be w(-2). Calculate the remainder when 32 is divided by (-8)/u - (-121)/7.
15
Suppose 0 = -2*h + 5*o + 69, 0*o = h + 3*o - 18. Calculate the remainder when h is divided by 7.
6
Suppose 5*x + 3 - 1 = -2*h, -2*x = 3*h + 3. Suppose z - 46 = -2*r, x = -r - 0 - 3. What is the remainder when z is divided by 18?
16
Let b(a) = -73*a - 16. Calculate the remainder when b(-2) is divided by 33.
31
Let k = 47 - 18. Let l(d) = 125*d - 12. Calculate the remainder when l(1) is divided by k.
26
Let l(p) = p**2 - 30. Suppose -a = g - 3*a - 15, -20 = g + 5*a. Calculate the remainder when l(7) is divided by g.
4
Let n(q) be the second derivative of -q**4/12 - q**3 - 3*q**2/2 - 2*q. What is the remainder when 3 is divided by n(-5)?
1
Let b = 4 - 1. What is the remainder when (b + -2)*(-23)/(-1) is divided by 7 - ((-2)/(-1) + -3)?
7
Let z(u) = -u**2 - 4*u + 2. Let w be z(-4). Suppose -306 = -3*b - 4*l, w*b + 0*b + 2*l = 204. Calculate the remainder when b is divided by 26.
24
Suppose -12 = -4*v, 2*x + v = -4*v + 19. Suppose w - 1 = x, 5*y - w = 72. What is the remainder when 29 is divided by y?
14
Let d = 4 - 1. Let v(m) = -3 - 2*m + 7 - 1 - 4. What is the remainder when v(-3) is divided by d?
2
Let t be -2*(-4 + (0 - -5)). Calculate the remainder when (-4)/(-6) - (-112)/3 is divided by 1/(-1*t/20).
8
Let a(d) = -4*d - 21. Suppose -m - 3*m + 40 = 0. Calculate the remainder when m is divided by a(-6).
1
Let k = -2 + -33. Calculate the remainder when 81 is divided by 194/7 + (-10)/k.
25
Suppose 0 = 3*s - 54 + 9. Suppose -f = -1, 4*c - f = 4 + s. Suppose -125 = -c*k + 4*u, 0*k = -3*k - u + 58. What is the remainder when 40 is divided by k?
19
Suppose -2*v = -0*v - 8. Suppose 3*l = -v + 37. Calculate the remainder when 20 is divided by l.
9
Suppose 2*r - 18 - 14 = 0. What is the remainder when 93 is divided by r?
13
Suppose 2*w + 2*w = 3*a - 27, 1 = 3*w + 2*a. Let j = -102 - -112. Calculate the remainder when (58/w)/((-2)/3) is divided by j.
9
Let k = 20 + -13. Calculate the remainder when 13 is divided by k.
6
Suppose 3*d + 39 = -2*m, 3*m = 4*d - 2*m + 52. Let w = d + 25. Calculate the remainder when w is divided by 7.
5
Suppose 2*d - 4*d = -22. Let w(y) = -4*y - 13. What is the remainder when w(-11) is divided by d?
9
Let g = 122 - 60. What is the remainder when g is divided by 21?
20
Let a = 61 + -38. Let s = 9 - 6. Suppose -4*y + 27 = s*h - y, -3*y + a = 2*h. What is the remainder when 10 is divided by h?
2
Suppose 4*b - v = 7*b - 41, 3*b = -2*v + 37. What is the remainder when 207 is divided by b?
12
Let j(r) = -r**3 - 3*r**2 + 7*r. Let a be j(-5). Suppose -d + 3 = -a. Suppose d = -l + 4*l. Calculate the remainder when 11 is divided by l.
5
Suppose -8 = y - 2*y. Let f(o) = -2*o**2 + 9*o - 4. Let i be f(y). Let z = i + 98. Calculate the remainder when z is divided by 13.
12
Let j(a) = a**2 - 9*a + 4. Let y be (-4)/(-20) + (-9)/(-5). Suppose -18 = -4*i + y*i. What is the remainder when j(i) is divided by 3?
1
Let b(q) = q**2 + 5*q + 3. Calculate the remainder when ((-28)/42)/((3/(-36))/1) is divided by b(-5).
2
Let i = -1 - -14. Suppose -13 - 17 = 3*n. What is the remainder when i is divided by (2 + 0)*n/(-4)?
3
Let s = -93 + 134. Calculate the remainder when s is divided by (3 + 0)/(9/42).
13
Suppose 5*v - 1346 = -4*m, 921 - 251 = 2*m + v. What is the remainder when m is divided by 28?
26
Suppose 0 = d - 34 - 32. What is the remainder when d is divided by 17?
15
Let w = 11 + -6. Let x(r) = -2*r + 3. What is the remainder when x(-8) is divided by w?
4
Let q = 81 + -75. What is the remainder when 8 is divided by q?
2
Suppose 36 = -0*w + 2*w. Calculate the remainder when w is divided by 408/42 + 2/7.
8
Suppose 23 = 6*p - 55. What is the remainder when p is divided by 4?
1
Let u = -61 + 93. Suppose -3*d - u = -5*k, -3*k = k + 5*d + 4. Let s = 17 - k. Calculate the remainder when s is divided by 4.
1
Let k = 3 + -1. Suppose j + k*j = 36. Calculate the remainder when 34 is divided by j.
10
Suppose -8*u - u = -720. What is the remainder when u is divided by 9?
8
Suppose 0 = 4*l + 5*i - 115, i = 3*l + 6*i - 80. What is the remainder when l is divided by 9?
8
Let f = 311 + -184. Calculate the remainder when f is divided by 32.
31
Let g(b) = 4*b**3 - b**2 + 2*b - 1. Let o be 10/6*(-2 - 1). Let n = o - -16. What is the remainder when g(2) is divided by n?
9
Suppose 3*g - 1170 = -10*g. What is the remainder when g is divided by 23?
21
Suppose 0 = 9*d - 3 - 312. What is the remainder when d is divided by 12?
11
Let o = -112 + 166. Let c = -30 + o. Calculate the remainder when c is divided by (39/9)/(2/6).
11
Let t(o) = -o + 6. Let x be t(4). Let h = 12 - x. What is the remainder when 26 is divided by h?
6
Let u(r) = 35*r**3 - 2*r**2 - r + 2. Calculate the remainder when 63 is divided by u(1).
29
Let s(w) = -w**2 + 6*w - 9. Let g be s(9). What is the remainder when 82 is divided by (g/(-45))/((-2)/(-70))?
26
Let k = -1 + 18. What is the remainder when 44 is divided by k?
10
Let y = -68 + 77. Calculate the remainder when y is divided by 4.
1
Let k be (-2)/(-3)*(8 + -5). Suppose -k*p - 18 = -4*p. Suppose w = 2*w - p. What is the remainder when 16 is divided by w?
7
Let t(n) = n**2 + 8*n + 3. Let z be t(-8). Suppose 2*r + 4 = z*r. Suppose 6*l + 5*y = 2*l - r, 5*l - 40 = 5*y. What is the remainder when 7 is divided by l?
3
Let n(r) = r**3 + 6*r**2 + 3*r + 2. Suppose -21 = -0*x - 3*x. Calculate the remainder when n(-5) is divided by x.
5
Suppose -2*h + 5*k + 86 = 0, -3*h + k - 2*k = -95. Calculate the remainder when h is divided by -1 + ((-1)/(-2))/(23/874).
15
Let g(c) = c**2 - c - 10. Calculate the remainder when 49 is divided by g(-4).
9
Calculate the remainder when 1 - (-81)/(-4 + 5) is divided by 12.
10
What is the remainder when 131 - -4*(1 - 0/2) is divided by 34?
33
Let i = 18 + -16. Calculate the remainder when 7 is divided by i.
1
Let p(k) = 2*k - 2. What is the remainder when 15 is divided by p(4)?
3
Let g(z) = z + 13. Let v(a) = -a - 1. Let l(m) = g(m) + 2*v(m). Calculate the remainder when l(9) is divided by 2.
0
Suppose -s - a = -4, 2*a + 4 = 6*a. Let y = -362 + 375. What is the remainder when y is divided by s?
1
Suppose -a = -5*a + 8. Suppose -5*f + 1 = -4. Calculate the remainder when a is divided by f.
0
Suppose 9*q - 590 = 4*q. Let f = -51 + q. Calculate the remainder when f is divided by 14.
11
Let b be 4/2 + 18 - -2. Calculate the remainder when -6*(-3 - b/6) is divided by 14.
12
Suppose -h + 3*h - 12 = 0. What is the remainder when 2 + 0 - (-3 + -16) is divided by h?
3
What is the remainder when 2492/20 + (-8)/(-20) is divided by 21?
20
Suppose 2*p - 3*g - 55 = 0, 2*p + 5*g - 3*g = 70. What is the remainder when p